393?
11, 20319763
What are the prime factors of 2550080846?
2, 131, 929, 10477
List the prime factors of 1351274.
2, 587, 1151
What are the prime factors of 10556627?
397, 26591
What are the prime factors of 88922338?
2, 3301, 13469
List the prime factors of 36751135.
5, 151, 48677
What are the prime factors of 3609866764?
2, 7, 79, 457, 3571
What are the prime factors of 379092857?
11, 13, 61, 3343
List the prime factors of 56718722.
2, 29, 33721
List the prime factors of 1183013774.
2, 67, 83, 106367
What are the prime factors of 5407145387?
7, 12049, 64109
What are the prime factors of 409086942?
2, 3, 11, 1009, 6143
List the prime factors of 4308657495.
3, 5, 287243833
What are the prime factors of 323238409?
13, 257, 96749
What are the prime factors of 347445626?
2, 11, 17, 54647
List the prime factors of 471408946.
2, 17, 13864969
What are the prime factors of 3913308284?
2, 89, 281, 39119
List the prime factors of 53003846.
2, 7, 691, 5479
List the prime factors of 134002043.
7, 19143149
What are the prime factors of 73493357?
7, 101, 103951
List the prime factors of 963368806.
2, 29, 4013, 4139
What are the prime factors of 25177347?
3, 13, 215191
List the prime factors of 160685543.
160685543
List the prime factors of 310544379.
3, 19, 109, 16661
List the prime factors of 24806974.
2, 71, 97, 1801
List the prime factors of 2072091.
3, 7, 79, 1249
List the prime factors of 1954953375.
3, 5, 5213209
What are the prime factors of 701999840?
2, 5, 19, 53, 4357
List the prime factors of 260933230.
2, 5, 701, 37223
List the prime factors of 179482882.
2, 89741441
List the prime factors of 24484812.
2, 3, 11, 185491
List the prime factors of 376241160.
2, 3, 5, 37, 101, 839
What are the prime factors of 194401457?
194401457
List the prime factors of 407464065.
3, 5, 29, 312233
What are the prime factors of 5069308328?
2, 7, 47, 275147
What are the prime factors of 127972156?
2, 13, 397, 6199
List the prime factors of 414441917.
1811, 228847
List the prime factors of 83998439.
7, 11999777
What are the prime factors of 15846721?
11, 1440611
What are the prime factors of 194989098?
2, 3, 29, 1120627
What are the prime factors of 142858976?
2, 13, 343411
What are the prime factors of 437209119?
3, 251, 193541
List the prime factors of 18259752.
2, 3, 7, 15527
What are the prime factors of 35478212?
2, 7, 11, 127, 907
List the prime factors of 173761216.
2, 17, 159707
What are the prime factors of 25918708?
2, 521, 12437
List the prime factors of 135435960.
2, 3, 5, 11, 23, 1487
List the prime factors of 55900276.
2, 1637, 8537
List the prime factors of 308065757.
89, 131, 26423
List the prime factors of 1211911501.
97, 12493933
List the prime factors of 249729452.
2, 7, 8918909
What are the prime factors of 150674031?
3, 16741559
What are the prime factors of 469153457?
1031, 455047
List the prime factors of 191293976.
2, 19, 29, 43397
List the prime factors of 1616026555.
5, 11, 13, 2260177
What are the prime factors of 350575023?
3, 19, 103, 211, 283
List the prime factors of 1813303836.
2, 3, 19, 197, 13457
What are the prime factors of 197777834?
2, 991, 99787
List the prime factors of 5358924070.
2, 5, 89, 6021263
List the prime factors of 967534404.
2, 3, 67, 401, 3001
What are the prime factors of 380477330?
2, 5, 43, 884831
List the prime factors of 455748403.
11, 2351, 17623
List the prime factors of 328819618.
2, 787, 208907
What are the prime factors of 230322617?
7, 19, 67, 25847
List the prime factors of 63429017.
63429017
What are the prime factors of 11081558?
2, 53, 104543
What are the prime factors of 5727362650?
2, 5, 114547253
What are the prime factors of 7223028183?
3, 7, 114651241
What are the prime factors of 15367854?
2, 3, 29, 88321
List the prime factors of 1755611337.
3, 1783, 328213
List the prime factors of 24205130.
2, 5, 43, 181, 311
What are the prime factors of 148401255?
3, 5, 9893417
What are the prime factors of 836863291?
11, 43, 151, 11717
List the prime factors of 289446426.
2, 3, 5360119
What are the prime factors of 29910037?
1423, 21019
List the prime factors of 6738215.
5, 11, 101, 1213
What are the prime factors of 32093492?
2, 971, 8263
What are the prime factors of 31022994?
2, 3, 17, 17891
List the prime factors of 94296054.
2, 3, 37, 424757
List the prime factors of 123404009.
2707, 45587
What are the prime factors of 646705244?
2, 2543, 63577
What are the prime factors of 512291056?
2, 17, 151, 12473
List the prime factors of 78067265.
5, 139, 112327
What are the prime factors of 576877368?
2, 3, 523, 45959
List the prime factors of 3933095064.
2, 3, 6101, 26861
List the prime factors of 37116600.
2, 3, 5, 61861
What are the prime factors of 376379075?
5, 19, 792377
What are the prime factors of 610492030?
2, 5, 179, 341057
What are the prime factors of 2277243802?
2, 1138621901
What are the prime factors of 432021740?
2, 5, 3449, 6263
List the prime factors of 546288887.
9547, 57221
List the prime factors of 116391365.
5, 59, 71, 5557
List the prime factors of 302319368.
2, 13, 311, 719
What are the prime factors of 250537382?
2, 19, 6593089
List the prime factors of 58045940.
2, 5, 47, 61751
What are the prime factors of 157250469?
3, 52416823
List the prime factors of 275882405.
5, 55176481
What are the prime factors of 17143533?
3, 11, 23, 7529
What are the prime factors of 1513291903?
7433, 203591
What are the prime factors of 977902364?
2, 53, 229, 20143
List the prime factors of 77023570.
2, 5, 13, 592489
What are the prime factors of 5029602574?
2, 20089, 125183
List the prime factors of 96531293.
157, 614849
List the prime factors of 10113071.
10113071
What are the prime factors of 76151379?
3, 25383793
List the prime factors of 39303978.
2, 3, 7, 43, 3109
What are the prime factors of 485584070?
2, 5, 1019, 47653
What are the prime factors of 760044066?
2, 3, 71, 503, 3547
List the prime factors of 812926141.
787, 1032943
What are the prime factors of 680241125?
5, 883, 6163
What are the prime factors of 16751770?
2, 5, 7, 167, 1433
List the prime factors of 1050261783.
3, 67, 5225183
List the prime factors of 18041117.
3169, 5693
What are the prime factors of 489129501?
3, 7, 31, 751351
What are the prime factors of 18478849?
19, 47, 20693
List the prime factors of 109929198.
2, 3, 29, 61, 10357
What are the prime factors of 153837577?
881, 174617
List the prime factors of 30194599.
30194599
List the prime factors of 4381828085.
5, 1123, 780379
List the prime factors of 66562881.
3, 7, 11, 107, 2693
What are the prime factors of 44045491?
7, 53, 227, 523
List the prime factors of 41699228.
2, 173, 60259
List the prime factors of 1854374.
2, 927187
List the prime factors of 3050891957.
139, 21948863
List the prime factors of 17330788.
2, 53, 81749
What are the prime factors of 1788311822?
2, 11, 81286901
What are the prime factors of 162241426?
2, 81120713
What are the prime factors of 70404401?
3323, 21187
List the prime factors of 1244454975.
3, 5, 593, 3109
What are the prime factors of 79402745?
5, 53, 97, 3089
What are the prime factors of 26352931?
11, 2395721
List the prime factors of 707843989.
73, 9696493
What are the prime factors of 2583572615?
5, 13, 727, 54673
List the prime factors of 104605253.
31, 37, 91199
What are the prime factors of 52154370?
2, 3, 5, 367, 1579
List the prime factors of 861212196.
2, 3, 13, 157, 3907
What are the prime factors of 1261434797?
7, 641, 281131
What are the prime factors of 8086268?
2, 2021567
What are the prime factors of 467071956?
2, 3, 13, 998017
What are the prime factors of 89188440?
2, 3, 5, 11, 67567
What are the prime factors of 32403995?
5, 13, 498523
What are the prime factors of 284112057?
3, 94704019
List the prime factors of 604651586.
2, 7, 11, 443, 8863
What are the prime factors of 1028316429?
3, 7, 16322483
List the prime factors of 46602817.
947, 49211
What are the prime factors of 381354798?
2, 3, 11, 61, 94723
What are the prime factors of 326616622?
2, 163308311
List the prime factors of 105499557.
3, 83, 179, 263
List the prime factors of 221757172.
2, 7, 13, 359, 1697
List the prime factors of 989576056.
2, 7, 199, 88799
What are the prime factors of 1724195252?
2, 13, 43, 683, 1129
List the prime factors of 51